{"id":4,"date":"2013-03-21T22:18:52","date_gmt":"2013-03-21T22:18:52","guid":{"rendered":"http:\/\/v2.clotildevautier.org\/?page_id=4"},"modified":"2021-02-01T00:39:50","modified_gmt":"2021-01-31T23:39:50","slug":"biographie","status":"publish","type":"page","link":"https:\/\/clotildevautier.fr\/?page_id=4","title":{"rendered":"BIOGRAPHIE"},"content":{"rendered":"<p style=\"text-align: left;\">Clotilde Vautier est n\u00e9e \u00e0 Cherbourg, en septembre 1939, cadette d&rsquo;une famille de 3 enfants de forte tradition catholique. Son p\u00e8re est officier de Marine. Elle manifeste tr\u00e8s t\u00f4t son go\u00fbt pour la peinture, ce dont t\u00e9moigne, par exemple, le tableau Le Quatorze juillet, et entre \u00e0 l&rsquo;\u00e9cole des Beaux-Arts du Mans apr\u00e8s le baccalaur\u00e9at de philosophie qu&rsquo;elle obtient, avec mention, en 1957.<\/p>\n<p><a href=\"http:\/\/clotildevautier.fr\/wp-content\/uploads\/2018\/05\/h57-PA-LeQuatorzejuillet-copie.jpg\"><img loading=\"lazy\" decoding=\"async\" class=\"aligncenter wp-image-484 size-medium\" src=\"https:\/\/clotildevautier.fr\/wp-content\/uploads\/2018\/05\/h57-PA-LeQuatorzejuillet-copie-300x240.jpg\" alt=\"\" width=\"300\" height=\"240\" srcset=\"https:\/\/clotildevautier.fr\/wp-content\/uploads\/2018\/05\/h57-PA-LeQuatorzejuillet-copie-300x240.jpg 300w, https:\/\/clotildevautier.fr\/wp-content\/uploads\/2018\/05\/h57-PA-LeQuatorzejuillet-copie-768x614.jpg 768w, https:\/\/clotildevautier.fr\/wp-content\/uploads\/2018\/05\/h57-PA-LeQuatorzejuillet-copie-1024x819.jpg 1024w, https:\/\/clotildevautier.fr\/wp-content\/uploads\/2018\/05\/h57-PA-LeQuatorzejuillet-copie-624x499.jpg 624w, https:\/\/clotildevautier.fr\/wp-content\/uploads\/2018\/05\/h57-PA-LeQuatorzejuillet-copie.jpg 1956w\" sizes=\"(max-width: 300px) 100vw, 300px\" \/><\/a><\/p>\n<p style=\"text-align: center;\"><strong>1957-1962<\/strong><\/p>\n<p style=\"text-align: left;\">Elle quitte cette \u00e9cole pour poursuivre ses \u00e9tudes \u00e0 l&rsquo;\u00e9cole des Beaux-Arts de Rennes. C&rsquo;est l\u00e0 qu&rsquo;elle rencontre son futur mari, Antonio Otero, et le fr\u00e8re de celui-ci, Mariano, avec lesquels elle cr\u00e9e le groupe &laquo;&nbsp;L&rsquo;Atelier des Trois&nbsp;&raquo; en janvier 1962.<\/p>\n<p><a href=\"http:\/\/clotildevautier.fr\/wp-content\/uploads\/2018\/05\/61P-Rennes3-copie-copie.jpg\"><img loading=\"lazy\" decoding=\"async\" class=\"aligncenter wp-image-486 size-medium\" src=\"https:\/\/clotildevautier.fr\/wp-content\/uploads\/2018\/05\/61P-Rennes3-copie-copie-300x290.jpg\" alt=\"\" width=\"300\" height=\"290\" srcset=\"https:\/\/clotildevautier.fr\/wp-content\/uploads\/2018\/05\/61P-Rennes3-copie-copie-300x290.jpg 300w, https:\/\/clotildevautier.fr\/wp-content\/uploads\/2018\/05\/61P-Rennes3-copie-copie-768x742.jpg 768w, https:\/\/clotildevautier.fr\/wp-content\/uploads\/2018\/05\/61P-Rennes3-copie-copie-624x603.jpg 624w, https:\/\/clotildevautier.fr\/wp-content\/uploads\/2018\/05\/61P-Rennes3-copie-copie.jpg 1020w\" sizes=\"(max-width: 300px) 100vw, 300px\" \/><\/a><\/p>\n<p style=\"text-align: left;\">Ceux-ci sont fils d&rsquo;un journaliste et \u00e9crivain R\u00e9publicain espagnol, Antonio Otero Seco, exil\u00e9 \u00e0 Rennes, o\u00f9 il formera toute une g\u00e9n\u00e9ration de professeurs d&rsquo;espagnol \u00e0 la Facult\u00e9 des Lettres. Tr\u00e8s int\u00e9ress\u00e9e par le th\u00e9\u00e2tre, elle consacre son m\u00e9moire de fin d&rsquo;\u00e9tudes \u00e0 la Com\u00e9die de l&rsquo;Ouest de Rennes, dirig\u00e9e alors par Guy Parigot, avec une s\u00e9rie de dessins, lavis et aquarelles intitul\u00e9e Avant la com\u00e9die \u00e0 la CDO.<\/p>\n<p style=\"text-align: center;\"><a href=\"http:\/\/clotildevautier.fr\/wp-content\/uploads\/2018\/05\/d62C-artdramatique\u00e0Rennes03-copie.jpg\"><img loading=\"lazy\" decoding=\"async\" class=\"alignnone wp-image-487 size-medium\" src=\"https:\/\/clotildevautier.fr\/wp-content\/uploads\/2018\/05\/d62C-artdramatique\u00e0Rennes03-copie-300x195.jpg\" alt=\"\" width=\"300\" height=\"195\" srcset=\"https:\/\/clotildevautier.fr\/wp-content\/uploads\/2018\/05\/d62C-artdramatique\u00e0Rennes03-copie-300x195.jpg 300w, https:\/\/clotildevautier.fr\/wp-content\/uploads\/2018\/05\/d62C-artdramatique\u00e0Rennes03-copie-768x499.jpg 768w, https:\/\/clotildevautier.fr\/wp-content\/uploads\/2018\/05\/d62C-artdramatique\u00e0Rennes03-copie-1024x665.jpg 1024w, https:\/\/clotildevautier.fr\/wp-content\/uploads\/2018\/05\/d62C-artdramatique\u00e0Rennes03-copie-624x405.jpg 624w, https:\/\/clotildevautier.fr\/wp-content\/uploads\/2018\/05\/d62C-artdramatique\u00e0Rennes03-copie.jpg 1476w\" sizes=\"(max-width: 300px) 100vw, 300px\" \/><\/a><\/p>\n<p style=\"text-align: left;\">Ce document reste traditionnellement la propri\u00e9t\u00e9 de l&rsquo;\u00e9cole d&rsquo;origine et devrait donc \u00eatre actuellement conserv\u00e9 dans les archives de l&rsquo;\u00e9cole des Beaux-Arts de Rennes mais il semble avoir \u00e9t\u00e9 perdu. Elle est deuxi\u00e8me au Dipl\u00f4me national de peinture, \u00e0 Paris, en juillet 1962, en pr\u00e9sentant notamment, parmi les \u00e9preuves impos\u00e9es, le tableau intitul\u00e9 La loge de la com\u00e9dienne.<\/p>\n<p style=\"text-align: center;\"><a href=\"http:\/\/clotildevautier.fr\/wp-content\/uploads\/2018\/05\/La-loge-de-la-com\u00e9dienne-copie.jpg\"><img loading=\"lazy\" decoding=\"async\" class=\"aligncenter wp-image-488 size-medium\" src=\"https:\/\/clotildevautier.fr\/wp-content\/uploads\/2018\/05\/La-loge-de-la-com\u00e9dienne-copie-300x228.jpg\" alt=\"\" width=\"300\" height=\"228\" srcset=\"https:\/\/clotildevautier.fr\/wp-content\/uploads\/2018\/05\/La-loge-de-la-com\u00e9dienne-copie-300x228.jpg 300w, https:\/\/clotildevautier.fr\/wp-content\/uploads\/2018\/05\/La-loge-de-la-com\u00e9dienne-copie-768x584.jpg 768w, https:\/\/clotildevautier.fr\/wp-content\/uploads\/2018\/05\/La-loge-de-la-com\u00e9dienne-copie-1024x778.jpg 1024w, https:\/\/clotildevautier.fr\/wp-content\/uploads\/2018\/05\/La-loge-de-la-com\u00e9dienne-copie-624x474.jpg 624w, https:\/\/clotildevautier.fr\/wp-content\/uploads\/2018\/05\/La-loge-de-la-com\u00e9dienne-copie.jpg 1087w\" sizes=\"(max-width: 300px) 100vw, 300px\" \/><\/a><\/p>\n<p style=\"text-align: center;\"><strong>1962-1968<\/strong><\/p>\n<p style=\"text-align: left;\">Antonio et Clotilde se marient en 1962. Leur premi\u00e8re fille, Isabel, qui appara\u00eet sous le nom de Carina dans les dessins, na\u00eet en ao\u00fbt 1962, puis Mariana, surnomm\u00e9e Ma\u00efta, la deuxi\u00e8me, en d\u00e9cembre 1963. Elles vivent actuellement \u00e0 Paris; Isabel est com\u00e9dienne, Mariana est cin\u00e9aste.<\/p>\n<p><a style=\"text-align: center;\"><img loading=\"lazy\" decoding=\"async\" class=\"alignleft\" src=\"http:\/\/clotildevautier.fr\/wp-content\/uploads\/2018\/05\/loups_09_0391-copie-300x225.jpg\" alt=\"\" width=\"436\" height=\"327\"><\/a>&nbsp;<a href=\"http:\/\/clotildevautier.fr\/wp-content\/uploads\/2018\/05\/mariana-sur-les-marchescam-Bien-2-copie.jpg\"><img loading=\"lazy\" decoding=\"async\" class=\"alignright\" src=\"http:\/\/clotildevautier.fr\/wp-content\/uploads\/2018\/05\/mariana-sur-les-marchescam-Bien-2-copie-300x208.jpg\" alt=\"\" width=\"457\" height=\"317\"><\/a><\/p>\n<p>&nbsp;<\/p>\n<p>&nbsp;<\/p>\n<p>&nbsp;<\/p>\n<p>&nbsp;<\/p>\n<p>&nbsp;<\/p>\n<p>&nbsp;<\/p>\n<p>&nbsp;<\/p>\n<p style=\"text-align: left;\">Les ann\u00e9es 1964-1967 sont marqu\u00e9es par de s\u00e9rieuses difficult\u00e9s mat\u00e9rielles mais aussi par un retour \u00e0 une intense cr\u00e9ativit\u00e9. Clotilde Vautier travaille inlassablement et s&rsquo;efforce de concilier sa vie professionnelle et sa vie familiale. Elle aime \u00e9changer avec le vaste cercle d&rsquo;amis qu&rsquo;elle et son mari accueillent dans une maison qui leur est toujours ouverte; on y parle peinture, bien s\u00fbr, mais aussi litt\u00e9rature, philosophie, cin\u00e9ma, politique\u2026 Elle discute comme elle peint, avec audace, passion, rigueur, intelligence et sinc\u00e9rit\u00e9 et en se portant toujours \u00e0 la recherche de voies nouvelles. Sa conversation se caract\u00e9rise par sa vivacit\u00e9 et son humour.<\/p>\n<p style=\"text-align: left;\">Elle expose r\u00e9guli\u00e8rement avec &laquo;&nbsp;L&rsquo;Atelier des Trois&nbsp;&raquo; et r\u00e9alise \u00e9galement une fresque pour le caf\u00e9 &laquo;&nbsp;Les Vari\u00e9t\u00e9s&nbsp;&raquo;, \u00e0 Rennes, o\u00f9 elle repr\u00e9sente, sous l&rsquo;aspect de saltimbanques r\u00e9unis autour d&rsquo;un repas amical, sa famille et ses amis les plus proches.<\/p>\n<p style=\"text-align: center;\"><a href=\"http:\/\/clotildevautier.fr\/wp-content\/uploads\/2018\/05\/Fresque_C_Vautier1-copie.jpg\"><img loading=\"lazy\" decoding=\"async\" class=\"alignnone wp-image-491 size-large\" src=\"https:\/\/clotildevautier.fr\/wp-content\/uploads\/2018\/05\/Fresque_C_Vautier1-copie-1024x239.jpg\" alt=\"\" width=\"625\" height=\"146\" srcset=\"https:\/\/clotildevautier.fr\/wp-content\/uploads\/2018\/05\/Fresque_C_Vautier1-copie-1024x239.jpg 1024w, https:\/\/clotildevautier.fr\/wp-content\/uploads\/2018\/05\/Fresque_C_Vautier1-copie-300x70.jpg 300w, https:\/\/clotildevautier.fr\/wp-content\/uploads\/2018\/05\/Fresque_C_Vautier1-copie-768x179.jpg 768w, https:\/\/clotildevautier.fr\/wp-content\/uploads\/2018\/05\/Fresque_C_Vautier1-copie-624x145.jpg 624w, https:\/\/clotildevautier.fr\/wp-content\/uploads\/2018\/05\/Fresque_C_Vautier1-copie.jpg 1575w\" sizes=\"(max-width: 625px) 100vw, 625px\" \/><\/a><\/p>\n<p style=\"text-align: left;\">Cette fresque, sauv\u00e9e de la destruction par Antonio et Mariano Otero, a \u00e9t\u00e9 install\u00e9e dans les locaux du Centre culturel de La Forge, \u00e0 Saint-Gr\u00e9goire, en 1993.<\/p>\n<p style=\"text-align: left;\">Plusieurs prix lui sont attribu\u00e9s dans des concours de peinture auxquels elle participe: Grand Prix du Nu, au Salon International de Deauville, en 1966; Grand Prix du Portrait, au Salon International de Dou\u00e9-la-Fontaine, en 1967, etc.<\/p>\n<p><a href=\"http:\/\/clotildevautier.fr\/wp-content\/uploads\/2018\/05\/h65-PO2-isabel\u00e0larose-copie.jpg\"><img loading=\"lazy\" decoding=\"async\" class=\"aligncenter wp-image-492 size-medium\" src=\"https:\/\/clotildevautier.fr\/wp-content\/uploads\/2018\/05\/h65-PO2-isabel\u00e0larose-copie-236x300.jpg\" alt=\"\" width=\"236\" height=\"300\" srcset=\"https:\/\/clotildevautier.fr\/wp-content\/uploads\/2018\/05\/h65-PO2-isabel\u00e0larose-copie-236x300.jpg 236w, https:\/\/clotildevautier.fr\/wp-content\/uploads\/2018\/05\/h65-PO2-isabel\u00e0larose-copie-768x977.jpg 768w, https:\/\/clotildevautier.fr\/wp-content\/uploads\/2018\/05\/h65-PO2-isabel\u00e0larose-copie-805x1024.jpg 805w, https:\/\/clotildevautier.fr\/wp-content\/uploads\/2018\/05\/h65-PO2-isabel\u00e0larose-copie-624x794.jpg 624w, https:\/\/clotildevautier.fr\/wp-content\/uploads\/2018\/05\/h65-PO2-isabel\u00e0larose-copie.jpg 1660w\" sizes=\"(max-width: 236px) 100vw, 236px\" \/><\/a><\/p>\n<p style=\"text-align: left;\">Portraits, nus, paysages, natures mortes\u2026 Huiles, monotypes, lavis, gouaches\u2026 Beaucoup de vari\u00e9t\u00e9 dans les sujets comme dans les techniques. On ne peut que remarquer, n\u00e9anmoins, une pr\u00e9dilection pour les nus et les portraits f\u00e9minins. Les mod\u00e8les \u00e9taient toujours des amies qui posaient pour elle car elle pr\u00e9f\u00e9rait leur simplicit\u00e9 dans la pose au &laquo;&nbsp;m\u00e9tier&nbsp;&raquo; d&rsquo;un mod\u00e8le professionnel, que, d&rsquo;ailleurs, elle n&rsquo;aurait pas eu les moyens de r\u00e9mun\u00e9rer.<\/p>\n<p style=\"text-align: left;\"><a href=\"http:\/\/clotildevautier.fr\/wp-content\/uploads\/2018\/05\/d67B-laTricoteuse3_4-copie.jpg\"><img loading=\"lazy\" decoding=\"async\" class=\"alignleft wp-image-493\" src=\"http:\/\/clotildevautier.fr\/wp-content\/uploads\/2018\/05\/d67B-laTricoteuse3_4-copie-300x235.jpg\" alt=\"\" width=\"430\" height=\"336\" srcset=\"https:\/\/clotildevautier.fr\/wp-content\/uploads\/2018\/05\/d67B-laTricoteuse3_4-copie-300x235.jpg 300w, https:\/\/clotildevautier.fr\/wp-content\/uploads\/2018\/05\/d67B-laTricoteuse3_4-copie-768x602.jpg 768w, https:\/\/clotildevautier.fr\/wp-content\/uploads\/2018\/05\/d67B-laTricoteuse3_4-copie-1024x803.jpg 1024w, https:\/\/clotildevautier.fr\/wp-content\/uploads\/2018\/05\/d67B-laTricoteuse3_4-copie-624x489.jpg 624w\" sizes=\"(max-width: 430px) 100vw, 430px\" \/><\/a>&nbsp; &nbsp; &nbsp;&nbsp;<a href=\"http:\/\/clotildevautier.fr\/wp-content\/uploads\/2018\/05\/h67-NU4-tricoteusen\u00b03-copie.jpg\"><img loading=\"lazy\" decoding=\"async\" class=\"wp-image-494  alignright\" src=\"http:\/\/clotildevautier.fr\/wp-content\/uploads\/2018\/05\/h67-NU4-tricoteusen&deg;3-copie-300x239.jpg\" alt=\"\" width=\"420\" height=\"334\"><\/a><\/p>\n<p>&nbsp;<\/p>\n<p>&nbsp;<\/p>\n<p>&nbsp;<\/p>\n<p>&nbsp;<\/p>\n<p>&nbsp;<\/p>\n<p>&nbsp;<\/p>\n<p>&nbsp;<\/p>\n<p style=\"text-align: left;\">Les \u0153uvres, la s\u00e9rie des Tricoteuses, qu&rsquo;elle pr\u00e9sente au concours de la Casa de Velazquez, \u00e0 Paris, en juin 1967, lui valent la deuxi\u00e8me place et des appr\u00e9ciations tr\u00e8s \u00e9logieuses du jury. C&rsquo;est \u00e0 peu pr\u00e8s \u00e0 la m\u00eame date qu&rsquo;une galerie parisienne la remarque et prend plusieurs de ses toiles.<\/p>\n<p style=\"text-align: left;\">Son d\u00e9c\u00e8s \u00e0 Rennes, en mars 1968 suite \u00e0 un avortement clandestin, vient interrompre brutalement une carri\u00e8re en plein essor, au moment o\u00f9 a lieu ce qui sera sa derni\u00e8re exposition personnelle. Son dernier tableau, qui fait partie de la s\u00e9rie Femme \u00e0 sa toilette&nbsp;&raquo;qu&rsquo;elle comptait pr\u00e9senter au concours Velazquez de 1968, restera inachev\u00e9.<\/p>\n<p style=\"text-align: center;\"><a href=\"http:\/\/clotildevautier.fr\/wp-content\/uploads\/2018\/05\/h68-NU-femme\u00e0satoiletten\u00b02-copie.jpg\"><img loading=\"lazy\" decoding=\"async\" class=\"alignnone size-medium wp-image-495\" src=\"http:\/\/clotildevautier.fr\/wp-content\/uploads\/2018\/05\/h68-NU-femme&agrave;satoiletten&deg;2-copie-229x300.jpg\" alt=\"\" width=\"229\" height=\"300\"><\/a><\/p>\n<p style=\"text-align: left;\">Elle laisse une \u0153uvre d\u00e9j\u00e0 importante: environ 200 dessins et 90 tableaux, dont une trentaine appartiennent \u00e0 des collectionneurs priv\u00e9s.<\/p>\n<p style=\"text-align: left;\">Son mari organise, \u00e0 Rennes, en 1972, une exposition r\u00e9trospective o\u00f9 sont pr\u00e9sent\u00e9es la plupart des \u0153uvres qu&rsquo;elle a laiss\u00e9es et qu&rsquo;il a depuis conserv\u00e9es. 37 ans plus tard, en 2003, sa fille, Mariana Otero, r\u00e9alise le film Histoire d&rsquo;un secret qui permet de red\u00e9couvrir l&rsquo;\u0153uvre de Clotilde Vautier. Depuis, une vingtaine d&rsquo;expositions ont eu lieu en France et en Espagne.<\/p>\n","protected":false},"excerpt":{"rendered":"<p>Clotilde Vautier est n\u00e9e \u00e0 Cherbourg, en septembre 1939, cadette d&rsquo;une famille de 3 enfants de forte tradition catholique. Son p\u00e8re est officier de Marine. Elle manifeste tr\u00e8s t\u00f4t son go\u00fbt pour la peinture, ce dont t\u00e9moigne, par exemple, le tableau Le Quatorze juillet, et entre \u00e0 l&rsquo;\u00e9cole des Beaux-Arts du Mans apr\u00e8s le baccalaur\u00e9at [&hellip;]<\/p>\n","protected":false},"author":1,"featured_media":0,"parent":0,"menu_order":0,"comment_status":"open","ping_status":"open","template":"","meta":{"_exactmetrics_skip_tracking":false,"_exactmetrics_sitenote_active":false,"_exactmetrics_sitenote_note":"","_exactmetrics_sitenote_category":0,"footnotes":""},"_links":{"self":[{"href":"https:\/\/clotildevautier.fr\/index.php?rest_route=\/wp\/v2\/pages\/4"}],"collection":[{"href":"https:\/\/clotildevautier.fr\/index.php?rest_route=\/wp\/v2\/pages"}],"about":[{"href":"https:\/\/clotildevautier.fr\/index.php?rest_route=\/wp\/v2\/types\/page"}],"author":[{"embeddable":true,"href":"https:\/\/clotildevautier.fr\/index.php?rest_route=\/wp\/v2\/users\/1"}],"replies":[{"embeddable":true,"href":"https:\/\/clotildevautier.fr\/index.php?rest_route=%2Fwp%2Fv2%2Fcomments&post=4"}],"version-history":[{"count":28,"href":"https:\/\/clotildevautier.fr\/index.php?rest_route=\/wp\/v2\/pages\/4\/revisions"}],"predecessor-version":[{"id":735,"href":"https:\/\/clotildevautier.fr\/index.php?rest_route=\/wp\/v2\/pages\/4\/revisions\/735"}],"wp:attachment":[{"href":"https:\/\/clotildevautier.fr\/index.php?rest_route=%2Fwp%2Fv2%2Fmedia&parent=4"}],"curies":[{"name":"wp","href":"https:\/\/api.w.org\/{rel}","templated":true}]}}